{"id":78,"date":"2017-12-12T11:24:21","date_gmt":"2017-12-12T15:24:21","guid":{"rendered":"http:\/\/ayuntamiento.guineo\/transparencia\/?page_id=78"},"modified":"2021-06-17T18:58:15","modified_gmt":"2021-06-17T22:58:15","slug":"definicion-oaim-oficina-de-acceso-a-la-informacion-municipal","status":"publish","type":"page","link":"https:\/\/ayuntamientoparaiso.gob.do\/transparencia\/definicion-oaim-oficina-de-acceso-a-la-informacion-municipal\/","title":{"rendered":"Definici\u00f3n OAIM (Oficina de Acceso a la Informaci\u00f3n Municipal)"},"content":{"rendered":"<p><span style=\"font-size: 14pt\">La Oficina de Acceso a la Informaci\u00f3n Municipal (OAIM), es un mandato de la Ley General de Libre Acceso a la Informaci\u00f3n P\u00fablica Ley 200-04 y el Decreto No. 130-05, \u00faltimo que crea el reglamento de dicha ley, con el objetivo de apoyar a entidades y personas tanto p\u00fablicas como privadas mediante las informaciones solicitadas.<\/span><\/p>\n<p>&nbsp;<\/p>\n<h3><span style=\"font-size: 14pt\"><strong>Visi\u00f3n<\/strong><\/span><\/h3>\n<p><span style=\"font-size: 14pt\">Ser el en ente velador de los valores, la honestidad, integridad, eficiencia, eficacia, calidad y trabajo en equipo del Ayuntamiento Municipal de Para\u00edso con la finalidad de lograr la transparencia institucional y atenci\u00f3n al usuario.<\/span><\/p>\n<p>&nbsp;<\/p>\n<h3><span style=\"font-size: 14pt\"><strong>Misi\u00f3n<\/strong><\/span><\/h3>\n<p><span style=\"font-size: 14pt\">Garantizar a los usuarios las informaciones en tiempo y forma, as\u00ed como proceder con la publicaciones de las informaciones institucionales que cumplan con las normativas establecidas y que validen la transparencia de la instituci\u00f3n.<\/span><\/p>\n<p>&nbsp;<\/p>\n<h3><span style=\"font-size: 14pt\"><strong>Definici\u00f3n RAI<\/strong><\/span><\/h3>\n<p><span style=\"font-size: 14pt\">El Responsable de Acceso a la Informaci\u00f3n, es el responsable de gestionar y facilitar las informaciones requeridas, as\u00ed como ser el canal de comunicaci\u00f3n entre la instituci\u00f3n, ciudadanos y ciudadanas.<\/span><\/p>\n<p>&nbsp;<\/p>\n<h3><span style=\"font-size: 14pt\"><strong>Proceso de Solicitud de Informaci\u00f3n:<\/strong><\/span><\/h3>\n<ul>\n<li><span style=\"font-size: 14pt\">Completar el formulario de solicitud de informaci\u00f3n.<\/span><\/li>\n<li><span style=\"font-size: 14pt\">Se procede a la revisi\u00f3n de dicho documento con la finalidad de verificar que est\u00e1 debidamente completada(o).<\/span><\/li>\n<li><span style=\"font-size: 14pt\">Se hace entrega de acuse de recibo al solicitante.<\/span><\/li>\n<li><span style=\"font-size: 14pt\">Seg\u00fan la complejidad de la informaci\u00f3n, se asigna una fecha de entrega. En caso de no ser el Ayuntamiento Municipal Para\u00edso la entidad competente para ofrecer la informaci\u00f3n requerida, dicha solicitud se refiere a la instituci\u00f3n correspondiente y se le informa al solicitante, el curso que ha tomado su solicitud y la instituci\u00f3n destinataria.<\/span><\/li>\n<li><span style=\"font-size: 14pt\">Seguimiento de la(s) solicitud(es) hasta confirmar que se ha suministrado la informaci\u00f3n.<\/span><\/li>\n<\/ul>\n<p>&nbsp;<\/p>\n<h3><strong>Contacto de Responsable de Acceso a la Informaci\u00f3n<\/strong><\/h3>\n<h4><img loading=\"lazy\" class=\"alignnone wp-image-375 \" src=\"http:\/\/ayuntamientoparaiso.gob.do\/transparencia\/wp-content\/uploads\/2021\/06\/Datos-de-Responsable-Ayuntamiento-de-Para\u00edso-Barahona.V2-700x327.png\" alt=\"\" width=\"638\" height=\"299\" srcset=\"https:\/\/ayuntamientoparaiso.gob.do\/transparencia\/wp-content\/uploads\/2021\/06\/Datos-de-Responsable-Ayuntamiento-de-Para\u00edso-Barahona.V2-700x327.png 700w, https:\/\/ayuntamientoparaiso.gob.do\/transparencia\/wp-content\/uploads\/2021\/06\/Datos-de-Responsable-Ayuntamiento-de-Para\u00edso-Barahona.V2-250x117.png 250w, https:\/\/ayuntamientoparaiso.gob.do\/transparencia\/wp-content\/uploads\/2021\/06\/Datos-de-Responsable-Ayuntamiento-de-Para\u00edso-Barahona.V2-768x359.png 768w, https:\/\/ayuntamientoparaiso.gob.do\/transparencia\/wp-content\/uploads\/2021\/06\/Datos-de-Responsable-Ayuntamiento-de-Para\u00edso-Barahona.V2-120x56.png 120w, https:\/\/ayuntamientoparaiso.gob.do\/transparencia\/wp-content\/uploads\/2021\/06\/Datos-de-Responsable-Ayuntamiento-de-Para\u00edso-Barahona.V2.png 1770w\" sizes=\"(max-width: 638px) 100vw, 638px\" \/><\/h4>\n","protected":false},"excerpt":{"rendered":"La Oficina de Acceso a la Informaci\u00f3n Municipal (OAIM), es un mandato de la Ley General de Libre Acceso a la Informaci\u00f3n P\u00fablica Ley 200-04 y el Decreto No. 130-05, \u00faltimo que crea el reglamento de dicha ley, con el objetivo de apoyar a entidades y personas tanto p\u00fablicas como privadas mediante las informaciones solicitadas&#8230;.","protected":false},"author":3,"featured_media":0,"parent":0,"menu_order":0,"comment_status":"closed","ping_status":"closed","template":"","meta":[],"acf":[],"_links":{"self":[{"href":"https:\/\/ayuntamientoparaiso.gob.do\/transparencia\/wp-json\/wp\/v2\/pages\/78"}],"collection":[{"href":"https:\/\/ayuntamientoparaiso.gob.do\/transparencia\/wp-json\/wp\/v2\/pages"}],"about":[{"href":"https:\/\/ayuntamientoparaiso.gob.do\/transparencia\/wp-json\/wp\/v2\/types\/page"}],"author":[{"embeddable":true,"href":"https:\/\/ayuntamientoparaiso.gob.do\/transparencia\/wp-json\/wp\/v2\/users\/3"}],"replies":[{"embeddable":true,"href":"https:\/\/ayuntamientoparaiso.gob.do\/transparencia\/wp-json\/wp\/v2\/comments?post=78"}],"version-history":[{"count":5,"href":"https:\/\/ayuntamientoparaiso.gob.do\/transparencia\/wp-json\/wp\/v2\/pages\/78\/revisions"}],"predecessor-version":[{"id":381,"href":"https:\/\/ayuntamientoparaiso.gob.do\/transparencia\/wp-json\/wp\/v2\/pages\/78\/revisions\/381"}],"wp:attachment":[{"href":"https:\/\/ayuntamientoparaiso.gob.do\/transparencia\/wp-json\/wp\/v2\/media?parent=78"}],"curies":[{"name":"wp","href":"https:\/\/api.w.org\/{rel}","templated":true}]}}